{"version":"1.0","provider_name":"Revue des Temps","provider_url":"https:\/\/revuedestemps.com","author_name":"Gaspard Rambel","author_url":"https:\/\/revuedestemps.com\/index.php\/author\/gaspard\/","title":"L'Europe affiche une croissance \u00e0 plusieurs vitesses. - Revue des Temps","type":"rich","width":600,"height":338,"html":"<blockquote class=\"wp-embedded-content\" data-secret=\"xmubFveryb\"><a href=\"https:\/\/revuedestemps.com\/index.php\/2025\/01\/21\/leurope-affiche-une-croissance-a-plusieurs-vitesses\/\">L&rsquo;Europe affiche une croissance \u00e0 plusieurs vitesses.<\/a><\/blockquote><iframe sandbox=\"allow-scripts\" security=\"restricted\" src=\"https:\/\/revuedestemps.com\/index.php\/2025\/01\/21\/leurope-affiche-une-croissance-a-plusieurs-vitesses\/embed\/#?secret=xmubFveryb\" width=\"600\" height=\"338\" title=\"\u00ab\u00a0L&rsquo;Europe affiche une croissance \u00e0 plusieurs vitesses.\u00a0\u00bb &#8212; Revue des Temps\" data-secret=\"xmubFveryb\" frameborder=\"0\" marginwidth=\"0\" marginheight=\"0\" scrolling=\"no\" class=\"wp-embedded-content\"><\/iframe><script>\n\/*! This file is auto-generated *\/\n!function(d,l){\"use strict\";l.querySelector&&d.addEventListener&&\"undefined\"!=typeof URL&&(d.wp=d.wp||{},d.wp.receiveEmbedMessage||(d.wp.receiveEmbedMessage=function(e){var t=e.data;if((t||t.secret||t.message||t.value)&&!\/[^a-zA-Z0-9]\/.test(t.secret)){for(var s,r,n,a=l.querySelectorAll('iframe[data-secret=\"'+t.secret+'\"]'),o=l.querySelectorAll('blockquote[data-secret=\"'+t.secret+'\"]'),c=new RegExp(\"^https?:$\",\"i\"),i=0;i<o.length;i++)o[i].style.display=\"none\";for(i=0;i<a.length;i++)s=a[i],e.source===s.contentWindow&&(s.removeAttribute(\"style\"),\"height\"===t.message?(1e3<(r=parseInt(t.value,10))?r=1e3:~~r<200&&(r=200),s.height=r):\"link\"===t.message&&(r=new URL(s.getAttribute(\"src\")),n=new URL(t.value),c.test(n.protocol))&&n.host===r.host&&l.activeElement===s&&(d.top.location.href=t.value))}},d.addEventListener(\"message\",d.wp.receiveEmbedMessage,!1),l.addEventListener(\"DOMContentLoaded\",function(){for(var e,t,s=l.querySelectorAll(\"iframe.wp-embedded-content\"),r=0;r<s.length;r++)(t=(e=s[r]).getAttribute(\"data-secret\"))||(t=Math.random().toString(36).substring(2,12),e.src+=\"#?secret=\"+t,e.setAttribute(\"data-secret\",t)),e.contentWindow.postMessage({message:\"ready\",secret:t},\"*\")},!1)))}(window,document);\n\/\/# sourceURL=https:\/\/revuedestemps.com\/wp-includes\/js\/wp-embed.min.js\n<\/script>\n","thumbnail_url":"http:\/\/revuedestemps.com\/wp-content\/uploads\/2025\/01\/IMG-20250124-WA0007.jpg","thumbnail_width":2048,"thumbnail_height":1152,"description":"Le 2 janvier 2025 Standard &amp; Poor\u2019s[1], agence de notation de r\u00e9f\u00e9rence en termes de croissance, publiait les r\u00e9sultats d\u2019une analyse qui d\u00e9voilait les indices d\u00e9finitifs concernant l\u2019industrie manufacturi\u00e8re en Europe. \u00c0 la lecture de ces derniers, on a pu constater qu\u2019elle \u00e9tait \u00e0 la peine, enregistrant une baisse de rendement continue depuis plus de [&hellip;]"}

L'Europe affiche une croissance à plusieurs vitesses. - Revue des Temps

<blockquote class="wp-embedded-content" data-secret="xmubFveryb"><a href="https://revuedestemps.com/index.php/2025/01/21/leurope-affiche-une-croissance-a-plusieurs-vitesses/">L&rsquo;Europe affiche une croissance à plusieurs vitesses.</a></blockquote><iframe sandbox="allow-scripts" security="restricted" src="https://revuedestemps.com/index.php/2025/01/21/leurope-affiche-une-croissance-a-plusieurs-vitesses/embed/#?secret=xmubFveryb" width="600" height="338" title="« L&rsquo;Europe affiche une croissance à plusieurs vitesses. » &#8212; Revue des Temps" data-secret="xmubFveryb" frameborder="0" marginwidth="0" marginheight="0" scrolling="no" class="wp-embedded-content"></iframe><script>
/*! This file is auto-generated */
!function(d,l){"use strict";l.querySelector&&d.addEventListener&&"undefined"!=typeof URL&&(d.wp=d.wp||{},d.wp.receiveEmbedMessage||(d.wp.receiveEmbedMessage=function(e){var t=e.data;if((t||t.secret||t.message||t.value)&&!/[^a-zA-Z0-9]/.test(t.secret)){for(var s,r,n,a=l.querySelectorAll('iframe[data-secret="'+t.secret+'"]'),o=l.querySelectorAll('blockquote[data-secret="'+t.secret+'"]'),c=new RegExp("^https?:$","i"),i=0;i<o.length;i++)o[i].style.display="none";for(i=0;i<a.length;i++)s=a[i],e.source===s.contentWindow&&(s.removeAttribute("style"),"height"===t.message?(1e3<(r=parseInt(t.value,10))?r=1e3:~~r<200&&(r=200),s.height=r):"link"===t.message&&(r=new URL(s.getAttribute("src")),n=new URL(t.value),c.test(n.protocol))&&n.host===r.host&&l.activeElement===s&&(d.top.location.href=t.value))}},d.addEventListener("message",d.wp.receiveEmbedMessage,!1),l.addEventListener("DOMContentLoaded",function(){for(var e,t,s=l.querySelectorAll("iframe.wp-embedded-content"),r=0;r<s.length;r++)(t=(e=s[r]).getAttribute("data-secret"))||(t=Math.random().toString(36).substring(2,12),e.src+="#?secret="+t,e.setAttribute("data-secret",t)),e.contentWindow.postMessage({message:"ready",secret:t},"*")},!1)))}(window,document);
//# sourceURL=https://revuedestemps.com/wp-includes/js/wp-embed.min.js
</script>

Le 2 janvier 2025 Standard &amp; Poor’s[1], agence de notation de référence en termes de croissance, publiait les résultats d’une analyse qui dévoilait les indices définitifs concernant l’industrie manufacturière en Europe. À la lecture de ces derniers, on a pu constater qu’elle était à la peine, enregistrant une baisse de rendement continue depuis plus de [&hellip;]
